tors of d?
2, 11
Let b(h) = 2*h**3 + h**2 + h - 1. Suppose 2*p = -2*p + 4. Let j be b(p). Let q = j - -8. What are the prime factors of q?
11
Suppose 36 = 4*d + 4*s, 3*d - 5 = -2*s + 26. What are the prime factors of d?
13
Let x be (-114)/(-9)*6/4. Let h = x - 8. List the prime factors of h.
11
Let u(f) = 5*f**2 + 6*f - 11. Let q(h) = 2*h**2 + 3*h - 5. Let w(g) = -9*q(g) + 4*u(g). What are the prime factors of w(4)?
3, 7
Let f = 146 + -144. Let n(g) = 15*g**2 - 1. Let k be n(-1). Let s = f + k. List the prime factors of s.
2
Suppose 5*w - 5 = -4*y - 80, -3*w = 5*y + 84. Let d be 18/y - 2/(-10). List the prime factors of (-13)/(-1) - (d - -2).
2, 3
Let a = 42 + -8. List the prime factors of a.
2, 17
Let r(z) = z**3 + 12*z**2 - z - 8. Let j be r(-12). Let f be (j/8)/((-2)/(-12)). List the prime factors of 6*(2 - 3/f).
2, 3
Suppose -5*f + 117 = 4*v, -4*v - 10 + 125 = 3*f. What are the prime factors of v?
2, 7
Let f = -11 + 22. What are the prime factors of f?
11
Let k = 177 - 15. List the prime factors of k.
2, 3
Let g be ((-5)/(-4))/(4/48). Let w = 23 - g. List the prime factors of w.
2
What are the prime factors of -2*47*3/(-6) - -1?
2, 3
Suppose -11*n + 225 = -138. What are the prime factors of n?
3, 11
Let d = 10 - 5. Suppose 1 - d = -j. What are the prime factors of j?
2
Let l(x) = x**3 - 5*x**2 + 3. Let v be l(5). Suppose -y - j = -19, -5*y + v*j + 103 = -0*j. List the prime factors of (y/6)/((-10)/(-45)).
3, 5
Let n(t) = t**3 - 3*t**2 - 4*t + 4. Let m be n(4). Suppose 3*i - 5*v - 34 = 0, 8*i = m*i - 3*v - 3. What are the prime factors of (12/(-10))/(i/(-50))?
2, 5
Let r = 15 + -11. Suppose -4*p + 2 = -2*o + 36, r*o - 5*p - 59 = 0. What are the prime factors of o?
11
Let y(j) = 2*j - 9. Let x(z) = z - 5. Suppose 5*a - 2*a + 4*n = -23, 3*a = 3*n - 9. Let m(k) = a*x(k) + 3*y(k). What are the prime factors of m(8)?
2, 3
Let j(q) be the first derivative of q**4/4 - 3*q**3 + 4*q**2 - q - 2. Let x be j(8). Let o = x + 11. What are the prime factors of o?
2, 5
Let s(k) = -28*k**3 - k - 1. List the prime factors of s(-1).
2, 7
Let k = 17 - 8. Let g be -2 + 3 + -6 + k. Suppose g*r - 21 = r. List the prime factors of r.
7
Suppose 0 = 2*n + 2*n + 4*j - 12, 2*n = 2*j - 2. Let h = 1 + n. Suppose q - h = 3. What are the prime factors of q?
5
Let d be (0 - (-1)/3)*3. Suppose -2*p + 3 = d. List the prime factors of (1 - (p + 1)) + 4.
3
Let b(c) be the third derivative of c**5/60 + 3*c**4/8 + 5*c**3/3 + c**2. What are the prime factors of b(-9)?
2, 5
Let q(d) = -12*d + 18. List the prime factors of q(-3).
2, 3
Suppose 3*n = n + 18. List the prime factors of n.
3
Suppose 2*s = -6, y + s - 40 = 50. Suppose 4*g - y = 23. List the prime factors of g.
29
Let n(m) = -m**2 + 6*m - 2. Suppose -4 = -5*k + 11. Let r be n(k). Suppose j = -5*y + 57, 0*y + 2*j + r = y. List the prime factors of y.
11
Suppose -4*n = -2*t - 8, 2*t = -4*n - t + 8. What are the prime factors of n?
2
Let l be -37*(-2)/(3 + -1). Let a be 1 - 2/(2/l). List the prime factors of 4/18 - 424/a.
2, 3
Suppose -13*t + 8*t = -260. What are the prime factors of t?
2, 13
Suppose -o + 0 - 6 = 0. Let a(u) be the third derivative of u**6/120 + u**5/10 - u**4/24 - u**3/2 - u**2. What are the prime factors of a(o)?
3
Let t(p) = p**3 - 9*p**2 + 5. Let z be t(9). Let l = z - 2. Suppose -v = -8 - l. List the prime factors of v.
11
Suppose -u + 4 = -35. List the prime factors of u.
3, 13
Suppose -49 = -5*s + 2*o, 4*o = -s - 4*s + 67. Suppose 14 = b - s. List the prime factors of b.
5
Let k(p) = -p**2 - 21*p - 7. List the prime factors of k(-14).
7, 13
Let w = 77 - 41. List the prime factors of w.
2, 3
Suppose 85 = 4*f + f. Suppose 4*i = -f + 121. What are the prime factors of i?
2, 13
Let m = 18 + -11. List the prime factors of m.
7
Suppose 0 = -3*n - 15 + 45. Let b = -3 + n. List the prime factors of b.
7
Suppose -3*j - 36 = -5*j. What are the prime factors of j?
2, 3
Suppose -s + 0*m = 4*m + 7, -m = s - 2. Suppose -s*v - 10 = -10*v. Suppose -13 - 17 = -v*k. What are the prime factors of k?
3, 5
Suppose -h = 2*h - 108. List the prime factors of h.
2, 3
Suppose -18 = -3*y + 2*r - 7, -5*y + 12 = 3*r. List the prime factors of (-192)/(-9) - 1/y.
3, 7
Let m be ((-2)/1)/(-2) - -254. Suppose o - 3*o + 2*w + 2 = 0, 4*w = 5*o. What are the prime factors of (o/6)/((-10)/m)?
17
Let z = -10 - -16. Let q(u) = -u**2 + 8*u - 1. List the prime factors of q(z).
11
Let t(v) = v + 6. Let y(s) = -5*s**2 - s**3 + 1 + 4*s**2 + 1. Let m be y(-2). What are the prime factors of t(m)?
2, 3
Let x(v) = -5*v**2 - v + 2. Let t be x(-3). Let l be 4/22 + t/(-22). Suppose l = 4*q - 34. List the prime factors of q.
3
Let s = 2 - 12. Suppose -3*c + 28 = -5*c. Let f = s - c. List the prime factors of f.
2
Let h(k) = 2*k**3 + k**2 + k + 1. Let o be h(-1). Let x be -4 + 2 + o + -1. Let a = x + 8. What are the prime factors of a?
2
Suppose -c + 3*x + 0*x = -78, 0 = -4*c + x + 257. List the prime factors of c.
3, 7
Let w(h) = -2*h**2 - h + 205. List the prime factors of w(0).
5, 41
Let u(c) = c**2 + c + 12. List the prime factors of u(-8).
2, 17
Suppose 2*b - 15 = 11. Suppose -4*s + 77 = 3*a + 2*a, a + 2*s = b. List the prime factors of a.
17
Suppose 5*z - 3*z = -5*n + 54, 3*n - 173 = -5*z. List the prime factors of z.
37
Suppose 3*a = -q + 201, -4*q = -0 - 12. List the prime factors of a.
2, 3, 11
Let k = -7 + 10. Suppose -4*t = 5*p - 10, -2*t = k*p - t - 6. What are the prime factors of p?
2
Let x be 3 - (0 + 0 - 0). Let t be 6/(-2)*(-2)/x. Suppose -3*c + 37 = -4*v, -3*c - 5*v = -t*c - 6. What are the prime factors of c?
11
Let i(b) be the third derivative of b**4/24 + 3*b**3/2 + 7*b**2. What are the prime factors of i(-7)?
2
Let i = 22 - -26. What are the prime factors of i?
2, 3
Let b(t) = -t - 5 + 1 + 7 + 2. Let c be b(5). Suppose 0 = -c*v + 4*v - 8. List the prime factors of v.
2
Suppose -l = -4*l - 135. Let s = -3 - l. List the prime factors of s.
2, 3, 7
Let k(h) = h**3 - 5*h**2 + 4. Let d(x) = x - 9. Let z be d(6). Let r(i) = i**3 + 3*i**2 - 2*i - 1. Let f be r(z). What are the prime factors of k(f)?
2
Let i = 1001 - 646. What are the prime factors of i?
5, 71
Let r(p) = p**2 + 7*p - 16. What are the prime factors of r(-13)?
2, 31
Let x = 57 - 27. Let l = x + -15. List the prime factors of l.
3, 5
Let s(h) = h**3 + 10*h**2 + 4*h - 7. List the prime factors of s(-9).
2, 19
Suppose 0 - 5 = l. Suppose 3*r = -r + 4. What are the prime factors of r - (2/1 + l)?
2
Let t(u) = -u**3 + u**2 + u + 27. Let m be t(0). Let q = m + -14. List the prime factors of q.
13
Suppose 159 = -5*b + 8*b. List the prime factors of b.
53
Suppose 0 = -2*z + 3*n + 23, 5*z = 2*n - 0*n + 85. Let m = z + -4. Let o = m + -9. List the prime factors of o.
2, 3
What are the prime factors of (524/(-10) + (-7)/35)*-5?
263
List the prime factors of (-4)/(-8) - (-1263)/6.
211
Let u = -8 + 87. List the prime factors of u.
79
Suppose 2*a - 4*o - 74 = -0*o, 3*a - 3*o - 96 = 0. What are the prime factors of 9/a - 136/(-6)?
23
Let c = 1 - 6. What are the prime factors of -3*1/c*15?
3
What are the prime factors of 6/(-27) - (-184)/18?
2, 5
Let v(c) = 4*c + 6. Suppose -2*a = 3*a + 35. Let x be v(a). Let n = x + 31. List the prime factors of n.
3
Let v(c) = -c**3 + 8*c**2 - 2*c - 2. Let m be v(7). Suppose 0 = 3*b + 5*o + 35, -5*b + 3*o - o = 79. Let j = m + b. What are the prime factors of j?
2, 3
Let s(k) = -k - 12. Let h be s(-9). Let m(i) = i**2 - i + 1. What are the prime factors of m(h)?
13
Let h = 128 + -202. Let i = h + 109. What are the prime factors of i?
5, 7
Let u(w) = -12*w - 1. What are the prime factors of u(-1)?
11
Let c(q) be the second derivative of q**3/6 + 5*q**2/2 - 3*q. What are the prime factors of c(0)?
5
Suppose 5*s + 0*s - 20 = 0. Let w(p) = -p**3 + 6*p**2 - p - 5. What are the prime factors of w(s)?
23
Suppose 2*x + 4*t = 96, 0*x - 94 = -3*x + 4*t. List the prime factors of x.
2, 19
Let m(b) = b**2 + 8*b + 12. Let r be m(-10). Let w = -19 + r. What are the prime factors of w?
13
Suppose 5*q + 38 = -77. Let o = q + 40. List the prime factors of o.
17
Let w(z) = z**3 - 2*z - 2*z**2 - 2*z**3 + 7*z**2 - z**2 + 4. List the prime factors of w(3).
7
Let o be 19 + 0*(-1)/3. Let x = o - 12. Let d(a) = a - 2. What are the prime factors of d(x)?
5
Let k(h) = h**2 - 3*